{"id":1671,"date":"2016-01-26T17:11:03","date_gmt":"2016-01-26T17:11:03","guid":{"rendered":"http:\/\/nyhonnun.is\/?page_id=1671"},"modified":"2016-02-19T19:06:39","modified_gmt":"2016-02-19T19:06:39","slug":"sumarhus","status":"publish","type":"page","link":"https:\/\/nyhonnun.is\/?page_id=1671","title":{"rendered":"Sumarh\u00fas"},"content":{"rendered":"<div class=\"vc_row wpb_row vc_row-fluid edgtf-section edgtf-content-aligment-left\" style=\"\"><div class=\"clearfix edgtf-full-section-inner\"><div class=\"wpb_column vc_column_container vc_col-sm-4\"><div class=\"wpb_wrapper\"><\/div><\/div><div class=\"wpb_column vc_column_container vc_col-sm-4\"><div class=\"wpb_wrapper\"><div class=\"edgtf-separator-holder clearfix  edgtf-separator-left edgtf-separator-full-width\" style=\"margin-top: 10px;margin-bottom: 10px\">\r\n\t<div class=\"edgtf-separator\" style=\"border-style: solid\"><\/div>\r\n<\/div>\r\n<\/div><\/div><div class=\"wpb_column vc_column_container vc_col-sm-4\"><div class=\"wpb_wrapper\"><div class=\"edgtf-separator-holder clearfix  edgtf-separator-left edgtf-separator-full-width\" style=\"margin-top: 10px;margin-bottom: 10px\">\r\n\t<div class=\"edgtf-separator\" style=\"border-style: solid\"><\/div>\r\n<\/div>\r\n<\/div><\/div><\/div><\/div><div class=\"vc_row wpb_row vc_row-fluid edgtf-section edgtf-content-aligment-left\" style=\"\"><div class=\"clearfix edgtf-full-section-inner\"><div class=\"wpb_column vc_column_container vc_col-sm-4\"><div class=\"wpb_wrapper\"><div class=\"edgtf-unordered-list \" ><strong>Borgarbygg\u00f0<\/strong><\/p>\n<ul>\n<li>Brennubygg\u00f0 47<\/li>\n<li>Gilsvegur 4<\/li>\n<li>Birkirj\u00f3\u00f0ur 3<\/li>\n<li>Hraunbrekkur 12<\/li>\n<li>Hraunbrekkur 14<\/li>\n<li>Hraunbrekkur 18<\/li>\n<li>Hraunbrekkur 20<\/li>\n<li>Hraunbrekkur 22<\/li>\n<li>Hv\u00edt\u00e1rsk\u00f3gur 6<\/li>\n<li>\u00c1sendi 9<\/li>\n<li>Hl\u00ed\u00f0 Gilsbakka<\/li>\n<li>Eskiholt sm\u00e1h\u00fdsi<\/li>\n<li>H\u00f3lar Sign\u00fdjarst\u00f6\u00f0um<\/li>\n<li>Birkifl\u00f6t 17<\/li>\n<li>Hellur<\/li>\n<li>Efra Hr\u00edsnes<\/li>\n<li>Ki\u00f0\u00e1rbrekkur 3<\/li>\n<\/ul>\n<p><strong>Gr\u00edmsnes- og Grafningshreppur<\/strong><\/p>\n<ul>\n<li>\u00c1sabraut 2<\/li>\n<\/ul>\n<p><strong>Skorradalur<\/strong><\/p>\n<ul>\n<li>St\u00f3ra-Drageyri 2<\/li>\n<li>Indri\u00f0asta\u00f0ir sm\u00e1h\u00fdsi<\/li>\n<li>Dagver\u00f0arnes 202<\/li>\n<\/ul>\n<p><strong>Hvalfjar\u00f0arsveit<\/strong><\/p>\n<ul>\n<li>Lj\u00f3sheimar 5<\/li>\n<li>S\u00e6la, Hafnarlandi<\/li>\n<\/ul>\n<p><strong>Dalabygg\u00f0<\/strong><\/p>\n<ul>\n<li>Erpssta\u00f0ir<\/li>\n<\/ul>\n<p><\/div><\/div><\/div><div class=\"wpb_column vc_column_container vc_col-sm-4\"><div class=\"wpb_wrapper\">\n\t<div class=\"wpb_single_image wpb_content_element vc_align_center\">\n\t\t\n\t\t<figure class=\"wpb_wrapper vc_figure\">\n\t\t\t<a rel=\"prettyPhoto[rel-1671-412692432]\" href=\"https:\/\/nyhonnun.is\/wp-content\/uploads\/2015\/12\/Lakeview1-1024x559.jpg\" target=\"_self\" class=\"vc_single_image-wrapper vc_box_outline  vc_box_border_grey prettyphoto\"><img width=\"1024\" height=\"559\" src=\"https:\/\/nyhonnun.is\/wp-content\/uploads\/2015\/12\/Lakeview1-1024x559.jpg\" class=\"vc_single_image-img attachment-large\" alt=\"\" decoding=\"async\" loading=\"lazy\" srcset=\"https:\/\/nyhonnun.is\/wp-content\/uploads\/2015\/12\/Lakeview1-1024x559.jpg 1024w, https:\/\/nyhonnun.is\/wp-content\/uploads\/2015\/12\/Lakeview1-300x164.jpg 300w, https:\/\/nyhonnun.is\/wp-content\/uploads\/2015\/12\/Lakeview1-768x419.jpg 768w, https:\/\/nyhonnun.is\/wp-content\/uploads\/2015\/12\/Lakeview1.jpg 1100w\" sizes=\"(max-width: 1024px) 100vw, 1024px\" \/><\/a>\n\t\t<\/figure>\n\t<\/div>\n\n\t<div class=\"wpb_single_image wpb_content_element vc_align_center\">\n\t\t\n\t\t<figure class=\"wpb_wrapper vc_figure\">\n\t\t\t<a rel=\"prettyPhoto[rel-1671-57607488]\" href=\"https:\/\/nyhonnun.is\/wp-content\/uploads\/2015\/12\/Lakeview3-1024x559.jpg\" target=\"_self\" class=\"vc_single_image-wrapper vc_box_outline  vc_box_border_grey prettyphoto\"><img width=\"1024\" height=\"559\" src=\"https:\/\/nyhonnun.is\/wp-content\/uploads\/2015\/12\/Lakeview3-1024x559.jpg\" class=\"vc_single_image-img attachment-large\" alt=\"\" decoding=\"async\" loading=\"lazy\" srcset=\"https:\/\/nyhonnun.is\/wp-content\/uploads\/2015\/12\/Lakeview3-1024x559.jpg 1024w, https:\/\/nyhonnun.is\/wp-content\/uploads\/2015\/12\/Lakeview3-300x164.jpg 300w, https:\/\/nyhonnun.is\/wp-content\/uploads\/2015\/12\/Lakeview3-768x419.jpg 768w, https:\/\/nyhonnun.is\/wp-content\/uploads\/2015\/12\/Lakeview3.jpg 1100w\" sizes=\"(max-width: 1024px) 100vw, 1024px\" \/><\/a>\n\t\t<\/figure>\n\t<\/div>\n\n\t<div class=\"wpb_single_image wpb_content_element vc_align_center\">\n\t\t\n\t\t<figure class=\"wpb_wrapper vc_figure\">\n\t\t\t<a rel=\"prettyPhoto[rel-1671-224984287]\" href=\"https:\/\/nyhonnun.is\/wp-content\/uploads\/2015\/12\/Lakeview2-1024x559.jpg\" target=\"_self\" class=\"vc_single_image-wrapper vc_box_outline  vc_box_border_grey prettyphoto\"><img width=\"1024\" height=\"559\" src=\"https:\/\/nyhonnun.is\/wp-content\/uploads\/2015\/12\/Lakeview2-1024x559.jpg\" class=\"vc_single_image-img attachment-large\" alt=\"\" decoding=\"async\" loading=\"lazy\" srcset=\"https:\/\/nyhonnun.is\/wp-content\/uploads\/2015\/12\/Lakeview2-1024x559.jpg 1024w, https:\/\/nyhonnun.is\/wp-content\/uploads\/2015\/12\/Lakeview2-300x164.jpg 300w, https:\/\/nyhonnun.is\/wp-content\/uploads\/2015\/12\/Lakeview2-768x419.jpg 768w, https:\/\/nyhonnun.is\/wp-content\/uploads\/2015\/12\/Lakeview2.jpg 1100w\" sizes=\"(max-width: 1024px) 100vw, 1024px\" \/><\/a>\n\t\t<\/figure>\n\t<\/div>\n\n\t<div class=\"wpb_single_image wpb_content_element vc_align_center\">\n\t\t\n\t\t<figure class=\"wpb_wrapper vc_figure\">\n\t\t\t<a rel=\"prettyPhoto[rel-1671-1905075043]\" href=\"https:\/\/nyhonnun.is\/wp-content\/uploads\/2015\/12\/Lakeview5-1024x559.jpg\" target=\"_self\" class=\"vc_single_image-wrapper vc_box_outline  vc_box_border_grey prettyphoto\"><img width=\"1024\" height=\"559\" src=\"https:\/\/nyhonnun.is\/wp-content\/uploads\/2015\/12\/Lakeview5-1024x559.jpg\" class=\"vc_single_image-img attachment-large\" alt=\"\" decoding=\"async\" loading=\"lazy\" srcset=\"https:\/\/nyhonnun.is\/wp-content\/uploads\/2015\/12\/Lakeview5-1024x559.jpg 1024w, https:\/\/nyhonnun.is\/wp-content\/uploads\/2015\/12\/Lakeview5-300x164.jpg 300w, https:\/\/nyhonnun.is\/wp-content\/uploads\/2015\/12\/Lakeview5-768x419.jpg 768w, https:\/\/nyhonnun.is\/wp-content\/uploads\/2015\/12\/Lakeview5.jpg 1100w\" sizes=\"(max-width: 1024px) 100vw, 1024px\" \/><\/a>\n\t\t<\/figure>\n\t<\/div>\n<\/div><\/div><div class=\"wpb_column vc_column_container vc_col-sm-4\"><div class=\"wpb_wrapper\">\n\t<div class=\"wpb_text_column wpb_content_element  wpb_animate_when_almost_visible wpb_right-to-left\">\n\t\t<div class=\"wpb_wrapper\">\n\t\t\t<p><strong>St\u00f3ra Drageyri<\/strong><br \/>\nSkorradal<\/p>\n\n\t\t<\/div>\n\t<\/div>\n<\/div><\/div><\/div><\/div><div class=\"vc_row wpb_row vc_row-fluid edgtf-section edgtf-content-aligment-left\" style=\"\"><div class=\"clearfix edgtf-full-section-inner\"><div class=\"wpb_column vc_column_container vc_col-sm-4\"><div class=\"wpb_wrapper\"><\/div><\/div><div class=\"wpb_column vc_column_container vc_col-sm-4\"><div class=\"wpb_wrapper\"><div class=\"edgtf-separator-holder clearfix  edgtf-separator-left edgtf-separator-full-width\" style=\"margin-top: 10px;margin-bottom: 10px\">\r\n\t<div class=\"edgtf-separator\" style=\"border-style: solid\"><\/div>\r\n<\/div>\r\n<\/div><\/div><div class=\"wpb_column vc_column_container vc_col-sm-4\"><div class=\"wpb_wrapper\"><div class=\"edgtf-separator-holder clearfix  edgtf-separator-left edgtf-separator-full-width\" style=\"margin-top: 10px;margin-bottom: 10px\">\r\n\t<div class=\"edgtf-separator\" style=\"border-style: solid\"><\/div>\r\n<\/div>\r\n<\/div><\/div><\/div><\/div><div class=\"vc_row wpb_row vc_row-fluid edgtf-section edgtf-content-aligment-left\" style=\"\"><div class=\"clearfix edgtf-full-section-inner\"><div class=\"wpb_column vc_column_container vc_col-sm-4\"><div class=\"wpb_wrapper\"><div class=\"edgtf-unordered-list \" ><a href=\"#\" target=\"_self\"  class=\"edgtf-btn edgtf-btn-medium edgtf-btn-solid edgtf-btn-color-default\"  >\n    <span class=\"edgtf-btn-text\">Vi\u00f0byggingar\/breytingar<\/span><i class=\"edgtf-icon-font-awesome fa  \" ><\/i><\/a><\/p>\n<p><strong>Borgarbygg\u00f0<\/strong><\/p>\n<ul>\n<li>Kolfl\u00f6t 8<\/li>\n<li>Brekkuhvammur<\/li>\n<li>Fj\u00e1rh\u00fastunga 2<\/li>\n<li>Eyri Fl\u00f3kadal<\/li>\n<li>Bjarnasta\u00f0ir 1<\/li>\n<li>Hl\u00ed\u00f0arbygg\u00f0 2<\/li>\n<li>Hermundarsta\u00f0ir<\/li>\n<li>Litla-Gr\u00f6f<\/li>\n<li>Tra\u00f0ir<\/li>\n<li>\u00c1lfabrekka 17<\/li>\n<li>\u00c1sendi 3<\/li>\n<li>Skuggi v. Hv\u00edt\u00e1rvelli<\/li>\n<\/ul>\n<p><strong>Hvalfjar\u00f0arsveit<\/strong><\/p>\n<ul>\n<li>\u00d6lver 13<\/li>\n<\/ul>\n<p><strong>Dalabygg\u00f0<\/strong><\/p>\n<ul>\n<li>Bl\u00f6nduhl\u00ed\u00f0<\/li>\n<\/ul>\n<p><strong>Skorradalur<\/strong><\/p>\n<ul>\n<li>Indri\u00f0asta\u00f0ir 24<\/li>\n<li>Indri\u00f0asta\u00f0ir 36<\/li>\n<li>Fitjahl\u00ed\u00f0 61<\/li>\n<li>Grenihvammur 6<\/li>\n<\/ul>\n<p><strong>Eyja-og Miklaholtshreppur<\/strong><\/p>\n<ul>\n<li>Kolvi\u00f0arnes<\/li>\n<\/ul>\n<p><\/div><\/div><\/div><div class=\"wpb_column vc_column_container vc_col-sm-4\"><div class=\"wpb_wrapper\">\n\t<div class=\"wpb_single_image wpb_content_element vc_align_center\">\n\t\t\n\t\t<figure class=\"wpb_wrapper vc_figure\">\n\t\t\t<a rel=\"prettyPhoto[rel-1671-1481821711]\" href=\"https:\/\/nyhonnun.is\/wp-content\/uploads\/2016\/01\/DSC_8941-681x1024.jpg\" target=\"_self\" class=\"vc_single_image-wrapper vc_box_outline  vc_box_border_grey prettyphoto\"><img width=\"1949\" height=\"2931\" src=\"https:\/\/nyhonnun.is\/wp-content\/uploads\/2016\/01\/DSC_8941.jpg\" class=\"vc_single_image-img attachment-full\" alt=\"\" decoding=\"async\" loading=\"lazy\" srcset=\"https:\/\/nyhonnun.is\/wp-content\/uploads\/2016\/01\/DSC_8941.jpg 1949w, https:\/\/nyhonnun.is\/wp-content\/uploads\/2016\/01\/DSC_8941-199x300.jpg 199w, https:\/\/nyhonnun.is\/wp-content\/uploads\/2016\/01\/DSC_8941-768x1155.jpg 768w, https:\/\/nyhonnun.is\/wp-content\/uploads\/2016\/01\/DSC_8941-681x1024.jpg 681w\" sizes=\"(max-width: 1949px) 100vw, 1949px\" \/><\/a>\n\t\t<\/figure>\n\t<\/div>\n\n\t<div class=\"wpb_single_image wpb_content_element vc_align_center\">\n\t\t\n\t\t<figure class=\"wpb_wrapper vc_figure\">\n\t\t\t<a rel=\"prettyPhoto[rel-1671-97003583]\" href=\"https:\/\/nyhonnun.is\/wp-content\/uploads\/2016\/01\/Hraunbrekkur-18_2.png\" target=\"_self\" class=\"vc_single_image-wrapper vc_box_outline  vc_box_border_grey prettyphoto\"><img width=\"1000\" height=\"631\" src=\"https:\/\/nyhonnun.is\/wp-content\/uploads\/2016\/01\/Hraunbrekkur-18_2.png\" class=\"vc_single_image-img attachment-large\" alt=\"\" decoding=\"async\" loading=\"lazy\" srcset=\"https:\/\/nyhonnun.is\/wp-content\/uploads\/2016\/01\/Hraunbrekkur-18_2.png 1000w, https:\/\/nyhonnun.is\/wp-content\/uploads\/2016\/01\/Hraunbrekkur-18_2-300x189.png 300w, https:\/\/nyhonnun.is\/wp-content\/uploads\/2016\/01\/Hraunbrekkur-18_2-768x485.png 768w\" sizes=\"(max-width: 1000px) 100vw, 1000px\" \/><\/a>\n\t\t<\/figure>\n\t<\/div>\n\n\t<div class=\"wpb_single_image wpb_content_element vc_align_center\">\n\t\t\n\t\t<figure class=\"wpb_wrapper vc_figure\">\n\t\t\t<a rel=\"prettyPhoto[rel-1671-1706469745]\" href=\"https:\/\/nyhonnun.is\/wp-content\/uploads\/2016\/01\/Hraunbrekkur-18-3-Copy-1024x768.jpg\" target=\"_self\" class=\"vc_single_image-wrapper vc_box_outline  vc_box_border_grey prettyphoto\"><img width=\"1024\" height=\"768\" src=\"https:\/\/nyhonnun.is\/wp-content\/uploads\/2016\/01\/Hraunbrekkur-18-3-Copy-1024x768.jpg\" class=\"vc_single_image-img attachment-large\" alt=\"\" decoding=\"async\" loading=\"lazy\" srcset=\"https:\/\/nyhonnun.is\/wp-content\/uploads\/2016\/01\/Hraunbrekkur-18-3-Copy.jpg 1024w, https:\/\/nyhonnun.is\/wp-content\/uploads\/2016\/01\/Hraunbrekkur-18-3-Copy-300x225.jpg 300w, https:\/\/nyhonnun.is\/wp-content\/uploads\/2016\/01\/Hraunbrekkur-18-3-Copy-768x576.jpg 768w, https:\/\/nyhonnun.is\/wp-content\/uploads\/2016\/01\/Hraunbrekkur-18-3-Copy-800x600.jpg 800w\" sizes=\"(max-width: 1024px) 100vw, 1024px\" \/><\/a>\n\t\t<\/figure>\n\t<\/div>\n<\/div><\/div><div class=\"wpb_column vc_column_container vc_col-sm-4\"><div class=\"wpb_wrapper\">\n\t<div class=\"wpb_text_column wpb_content_element  wpb_animate_when_almost_visible wpb_right-to-left\">\n\t\t<div class=\"wpb_wrapper\">\n\t\t\t<p><strong>Hraunbrekkur 18<\/strong><br \/>\nH\u00fasafelli Borgarbygg\u00f0<\/p>\n\n\t\t<\/div>\n\t<\/div>\n<\/div><\/div><\/div><\/div><div class=\"vc_row wpb_row vc_row-fluid edgtf-section edgtf-content-aligment-left\" style=\"\"><div class=\"clearfix edgtf-full-section-inner\"><div class=\"wpb_column vc_column_container vc_col-sm-4\"><div class=\"wpb_wrapper\"><\/div><\/div><div class=\"wpb_column vc_column_container vc_col-sm-4\"><div class=\"wpb_wrapper\"><div class=\"edgtf-separator-holder clearfix  edgtf-separator-left edgtf-separator-full-width\" style=\"margin-top: 10px;margin-bottom: 10px\">\r\n\t<div class=\"edgtf-separator\" style=\"border-style: solid\"><\/div>\r\n<\/div>\r\n<\/div><\/div><div class=\"wpb_column vc_column_container vc_col-sm-4\"><div class=\"wpb_wrapper\"><div class=\"edgtf-separator-holder clearfix  edgtf-separator-left edgtf-separator-full-width\" style=\"margin-top: 10px;margin-bottom: 10px\">\r\n\t<div class=\"edgtf-separator\" style=\"border-style: solid\"><\/div>\r\n<\/div>\r\n<\/div><\/div><\/div><\/div><div class=\"vc_row wpb_row vc_row-fluid edgtf-section edgtf-content-aligment-left\" style=\"\"><div class=\"clearfix edgtf-full-section-inner\"><div class=\"wpb_column vc_column_container vc_col-sm-4\"><div class=\"wpb_wrapper\"><\/div><\/div><div class=\"wpb_column vc_column_container vc_col-sm-4\"><div class=\"wpb_wrapper\">\n\t<div class=\"wpb_single_image wpb_content_element vc_align_center\">\n\t\t\n\t\t<figure class=\"wpb_wrapper vc_figure\">\n\t\t\t<a rel=\"prettyPhoto[rel-1671-959312870]\" href=\"https:\/\/nyhonnun.is\/wp-content\/uploads\/2016\/01\/asabraut_1.jpg\" target=\"_self\" class=\"vc_single_image-wrapper vc_box_outline  vc_box_border_grey prettyphoto\"><img width=\"800\" height=\"527\" src=\"https:\/\/nyhonnun.is\/wp-content\/uploads\/2016\/01\/asabraut_1.jpg\" class=\"vc_single_image-img attachment-large\" alt=\"\" decoding=\"async\" loading=\"lazy\" srcset=\"https:\/\/nyhonnun.is\/wp-content\/uploads\/2016\/01\/asabraut_1.jpg 800w, https:\/\/nyhonnun.is\/wp-content\/uploads\/2016\/01\/asabraut_1-300x198.jpg 300w, https:\/\/nyhonnun.is\/wp-content\/uploads\/2016\/01\/asabraut_1-768x506.jpg 768w\" sizes=\"(max-width: 800px) 100vw, 800px\" \/><\/a>\n\t\t<\/figure>\n\t<\/div>\n\n\t<div class=\"wpb_single_image wpb_content_element vc_align_center\">\n\t\t\n\t\t<figure class=\"wpb_wrapper vc_figure\">\n\t\t\t<a rel=\"prettyPhoto[rel-1671-439636067]\" href=\"https:\/\/nyhonnun.is\/wp-content\/uploads\/2016\/01\/asabraut_2.jpg\" target=\"_self\" class=\"vc_single_image-wrapper vc_box_outline  vc_box_border_grey prettyphoto\"><img width=\"773\" height=\"568\" src=\"https:\/\/nyhonnun.is\/wp-content\/uploads\/2016\/01\/asabraut_2.jpg\" class=\"vc_single_image-img attachment-large\" alt=\"\" decoding=\"async\" loading=\"lazy\" srcset=\"https:\/\/nyhonnun.is\/wp-content\/uploads\/2016\/01\/asabraut_2.jpg 773w, https:\/\/nyhonnun.is\/wp-content\/uploads\/2016\/01\/asabraut_2-300x220.jpg 300w, https:\/\/nyhonnun.is\/wp-content\/uploads\/2016\/01\/asabraut_2-768x564.jpg 768w\" sizes=\"(max-width: 773px) 100vw, 773px\" \/><\/a>\n\t\t<\/figure>\n\t<\/div>\n\n\t<div class=\"wpb_single_image wpb_content_element vc_align_center\">\n\t\t\n\t\t<figure class=\"wpb_wrapper vc_figure\">\n\t\t\t<a rel=\"prettyPhoto[rel-1671-1855276734]\" href=\"https:\/\/nyhonnun.is\/wp-content\/uploads\/2016\/01\/asabraut_3.jpg\" target=\"_self\" class=\"vc_single_image-wrapper vc_box_outline  vc_box_border_grey prettyphoto\"><img width=\"758\" height=\"600\" src=\"https:\/\/nyhonnun.is\/wp-content\/uploads\/2016\/01\/asabraut_3.jpg\" class=\"vc_single_image-img attachment-large\" alt=\"\" decoding=\"async\" loading=\"lazy\" srcset=\"https:\/\/nyhonnun.is\/wp-content\/uploads\/2016\/01\/asabraut_3.jpg 758w, https:\/\/nyhonnun.is\/wp-content\/uploads\/2016\/01\/asabraut_3-300x237.jpg 300w\" sizes=\"(max-width: 758px) 100vw, 758px\" \/><\/a>\n\t\t<\/figure>\n\t<\/div>\n<\/div><\/div><div class=\"wpb_column vc_column_container vc_col-sm-4\"><div class=\"wpb_wrapper\">\n\t<div class=\"wpb_text_column wpb_content_element  wpb_animate_when_almost_visible wpb_right-to-left\">\n\t\t<div class=\"wpb_wrapper\">\n\t\t\t<p><b>\u00c1sabraut 2<\/b><br \/>\nGr\u00edmsnes-og Grafninghreppi<\/p>\n\n\t\t<\/div>\n\t<\/div>\n<\/div><\/div><\/div><\/div><div class=\"vc_row wpb_row vc_row-fluid edgtf-section edgtf-content-aligment-left\" style=\"\"><div class=\"clearfix edgtf-full-section-inner\"><div class=\"wpb_column vc_column_container vc_col-sm-4\"><div class=\"wpb_wrapper\"><\/div><\/div><div class=\"wpb_column vc_column_container vc_col-sm-4\"><div class=\"wpb_wrapper\"><div class=\"edgtf-separator-holder clearfix  edgtf-separator-left edgtf-separator-full-width\" style=\"margin-top: 10px;margin-bottom: 10px\">\r\n\t<div class=\"edgtf-separator\" style=\"border-style: solid\"><\/div>\r\n<\/div>\r\n<\/div><\/div><div class=\"wpb_column vc_column_container vc_col-sm-4\"><div class=\"wpb_wrapper\"><div class=\"edgtf-separator-holder clearfix  edgtf-separator-left edgtf-separator-full-width\" style=\"margin-top: 10px;margin-bottom: 10px\">\r\n\t<div class=\"edgtf-separator\" style=\"border-style: solid\"><\/div>\r\n<\/div>\r\n<\/div><\/div><\/div><\/div><div class=\"vc_row wpb_row vc_row-fluid edgtf-section edgtf-content-aligment-left\" style=\"\"><div class=\"clearfix edgtf-full-section-inner\"><div class=\"wpb_column vc_column_container vc_col-sm-4\"><div class=\"wpb_wrapper\"><\/div><\/div><div class=\"wpb_column vc_column_container vc_col-sm-4\"><div class=\"wpb_wrapper\">\n\t<div class=\"wpb_single_image wpb_content_element vc_align_center\">\n\t\t\n\t\t<figure class=\"wpb_wrapper vc_figure\">\n\t\t\t<a rel=\"prettyPhoto[rel-1671-1623538735]\" href=\"https:\/\/nyhonnun.is\/wp-content\/uploads\/2016\/01\/hraunbrekkur_14_2-1024x768.jpg\" target=\"_self\" class=\"vc_single_image-wrapper vc_box_outline  vc_box_border_grey prettyphoto\"><img width=\"1024\" height=\"768\" src=\"https:\/\/nyhonnun.is\/wp-content\/uploads\/2016\/01\/hraunbrekkur_14_2-1024x768.jpg\" class=\"vc_single_image-img attachment-large\" alt=\"\" decoding=\"async\" loading=\"lazy\" srcset=\"https:\/\/nyhonnun.is\/wp-content\/uploads\/2016\/01\/hraunbrekkur_14_2-1024x768.jpg 1024w, https:\/\/nyhonnun.is\/wp-content\/uploads\/2016\/01\/hraunbrekkur_14_2-300x225.jpg 300w, https:\/\/nyhonnun.is\/wp-content\/uploads\/2016\/01\/hraunbrekkur_14_2-768x576.jpg 768w, https:\/\/nyhonnun.is\/wp-content\/uploads\/2016\/01\/hraunbrekkur_14_2-800x600.jpg 800w\" sizes=\"(max-width: 1024px) 100vw, 1024px\" \/><\/a>\n\t\t<\/figure>\n\t<\/div>\n\n\t<div class=\"wpb_single_image wpb_content_element vc_align_center\">\n\t\t\n\t\t<figure class=\"wpb_wrapper vc_figure\">\n\t\t\t<a rel=\"prettyPhoto[rel-1671-453097061]\" href=\"https:\/\/nyhonnun.is\/wp-content\/uploads\/2016\/01\/DSC_8926-1024x681.jpg\" target=\"_self\" class=\"vc_single_image-wrapper vc_box_outline  vc_box_border_grey prettyphoto\"><img width=\"1024\" height=\"681\" src=\"https:\/\/nyhonnun.is\/wp-content\/uploads\/2016\/01\/DSC_8926-1024x681.jpg\" class=\"vc_single_image-img attachment-large\" alt=\"\" decoding=\"async\" loading=\"lazy\" srcset=\"https:\/\/nyhonnun.is\/wp-content\/uploads\/2016\/01\/DSC_8926-1024x681.jpg 1024w, https:\/\/nyhonnun.is\/wp-content\/uploads\/2016\/01\/DSC_8926-300x199.jpg 300w, https:\/\/nyhonnun.is\/wp-content\/uploads\/2016\/01\/DSC_8926-768x511.jpg 768w\" sizes=\"(max-width: 1024px) 100vw, 1024px\" \/><\/a>\n\t\t<\/figure>\n\t<\/div>\n<\/div><\/div><div class=\"wpb_column vc_column_container vc_col-sm-4\"><div class=\"wpb_wrapper\">\n\t<div class=\"wpb_text_column wpb_content_element  wpb_animate_when_almost_visible wpb_right-to-left\">\n\t\t<div class=\"wpb_wrapper\">\n\t\t\t<p><strong>Hraunbrekkur 14<\/strong><br \/>\nH\u00fasafelli Borgarbygg\u00f0<\/p>\n\n\t\t<\/div>\n\t<\/div>\n<\/div><\/div><\/div><\/div><div class=\"vc_row wpb_row vc_row-fluid edgtf-section edgtf-content-aligment-left\" style=\"\"><div class=\"clearfix edgtf-full-section-inner\"><div class=\"wpb_column vc_column_container vc_col-sm-4\"><div class=\"wpb_wrapper\"><\/div><\/div><div class=\"wpb_column vc_column_container vc_col-sm-4\"><div class=\"wpb_wrapper\"><div class=\"edgtf-separator-holder clearfix  edgtf-separator-left edgtf-separator-full-width\" style=\"margin-top: 10px;margin-bottom: 10px\">\r\n\t<div class=\"edgtf-separator\" style=\"border-style: solid\"><\/div>\r\n<\/div>\r\n<\/div><\/div><div class=\"wpb_column vc_column_container vc_col-sm-4\"><div class=\"wpb_wrapper\"><div class=\"edgtf-separator-holder clearfix  edgtf-separator-left edgtf-separator-full-width\" style=\"margin-top: 10px;margin-bottom: 10px\">\r\n\t<div class=\"edgtf-separator\" style=\"border-style: solid\"><\/div>\r\n<\/div>\r\n<\/div><\/div><\/div><\/div><div class=\"vc_row wpb_row vc_row-fluid edgtf-section edgtf-content-aligment-left\" style=\"\"><div class=\"clearfix edgtf-full-section-inner\"><div class=\"wpb_column vc_column_container vc_col-sm-4\"><div class=\"wpb_wrapper\"><\/div><\/div><div class=\"wpb_column vc_column_container vc_col-sm-4\"><div class=\"wpb_wrapper\">\n\t<div class=\"wpb_single_image wpb_content_element vc_align_center\">\n\t\t\n\t\t<figure class=\"wpb_wrapper vc_figure\">\n\t\t\t<a rel=\"prettyPhoto[rel-1671-1983324851]\" href=\"https:\/\/nyhonnun.is\/wp-content\/uploads\/2016\/01\/kidabrekkur_3_test_2-1024x606.png\" target=\"_self\" class=\"vc_single_image-wrapper vc_box_outline  vc_box_border_grey prettyphoto\"><img width=\"3008\" height=\"1780\" src=\"https:\/\/nyhonnun.is\/wp-content\/uploads\/2016\/01\/kidabrekkur_3_test_2.png\" class=\"vc_single_image-img attachment-full\" alt=\"\" decoding=\"async\" loading=\"lazy\" srcset=\"https:\/\/nyhonnun.is\/wp-content\/uploads\/2016\/01\/kidabrekkur_3_test_2.png 3008w, https:\/\/nyhonnun.is\/wp-content\/uploads\/2016\/01\/kidabrekkur_3_test_2-300x178.png 300w, https:\/\/nyhonnun.is\/wp-content\/uploads\/2016\/01\/kidabrekkur_3_test_2-768x454.png 768w, https:\/\/nyhonnun.is\/wp-content\/uploads\/2016\/01\/kidabrekkur_3_test_2-1024x606.png 1024w\" sizes=\"(max-width: 3008px) 100vw, 3008px\" \/><\/a>\n\t\t<\/figure>\n\t<\/div>\n\n\t<div class=\"wpb_single_image wpb_content_element vc_align_center\">\n\t\t\n\t\t<figure class=\"wpb_wrapper vc_figure\">\n\t\t\t<a rel=\"prettyPhoto[rel-1671-1428766156]\" href=\"https:\/\/nyhonnun.is\/wp-content\/uploads\/2016\/01\/kidarbr_3_test-1024x716.png\" target=\"_self\" class=\"vc_single_image-wrapper vc_box_outline  vc_box_border_grey prettyphoto\"><img width=\"1024\" height=\"716\" src=\"https:\/\/nyhonnun.is\/wp-content\/uploads\/2016\/01\/kidarbr_3_test-1024x716.png\" class=\"vc_single_image-img attachment-large\" alt=\"\" decoding=\"async\" loading=\"lazy\" srcset=\"https:\/\/nyhonnun.is\/wp-content\/uploads\/2016\/01\/kidarbr_3_test-1024x716.png 1024w, https:\/\/nyhonnun.is\/wp-content\/uploads\/2016\/01\/kidarbr_3_test-300x210.png 300w, https:\/\/nyhonnun.is\/wp-content\/uploads\/2016\/01\/kidarbr_3_test-768x537.png 768w\" sizes=\"(max-width: 1024px) 100vw, 1024px\" \/><\/a>\n\t\t<\/figure>\n\t<\/div>\n<\/div><\/div><div class=\"wpb_column vc_column_container vc_col-sm-4\"><div class=\"wpb_wrapper\">\n\t<div class=\"wpb_text_column wpb_content_element  wpb_animate_when_almost_visible wpb_right-to-left\">\n\t\t<div class=\"wpb_wrapper\">\n\t\t\t<p><strong>Ki\u00f0\u00e1rbrekkur 3<\/strong><br \/>\nH\u00fasafelli\u00a0Borgarbygg\u00f0<\/p>\n\n\t\t<\/div>\n\t<\/div>\n<\/div><\/div><\/div><\/div><div class=\"vc_row wpb_row vc_row-fluid edgtf-section edgtf-content-aligment-left\" style=\"\"><div class=\"clearfix edgtf-full-section-inner\"><div class=\"wpb_column vc_column_container vc_col-sm-4\"><div class=\"wpb_wrapper\"><\/div><\/div><div class=\"wpb_column vc_column_container vc_col-sm-4\"><div class=\"wpb_wrapper\"><div class=\"edgtf-separator-holder clearfix  edgtf-separator-left edgtf-separator-full-width\" style=\"margin-top: 10px;margin-bottom: 10px\">\r\n\t<div class=\"edgtf-separator\" style=\"border-style: solid\"><\/div>\r\n<\/div>\r\n<\/div><\/div><div class=\"wpb_column vc_column_container vc_col-sm-4\"><div class=\"wpb_wrapper\"><div class=\"edgtf-separator-holder clearfix  edgtf-separator-left edgtf-separator-full-width\" style=\"margin-top: 10px;margin-bottom: 10px\">\r\n\t<div class=\"edgtf-separator\" style=\"border-style: solid\"><\/div>\r\n<\/div>\r\n<\/div><\/div><\/div><\/div><div class=\"vc_row wpb_row vc_row-fluid edgtf-section edgtf-content-aligment-left\" style=\"\"><div class=\"clearfix edgtf-full-section-inner\"><div class=\"wpb_column vc_column_container vc_col-sm-12\"><div class=\"wpb_wrapper\"><div class=\"vc_empty_space\"  style=\"height: 32px\" ><span class=\"vc_empty_space_inner\"><\/span><\/div>\n<\/div><\/div><\/div><\/div>\n","protected":false},"excerpt":{"rendered":"Borgarbygg\u00f0 Brennubygg\u00f0 47 Gilsvegur 4 Birkirj\u00f3\u00f0ur 3 Hraunbrekkur 12 Hraunbrekkur 14 Hraunbrekkur 18 Hraunbrekkur 20 Hraunbrekkur 22 Hv\u00edt\u00e1rsk\u00f3gur 6 \u00c1sendi 9 Hl\u00ed\u00f0 Gilsbakka Eskiholt sm\u00e1h\u00fdsi H\u00f3lar Sign\u00fdjarst\u00f6\u00f0um Birkifl\u00f6t 17 Hellur Efra Hr\u00edsnes Ki\u00f0\u00e1rbrekkur 3 Gr\u00edmsnes- og Grafningshreppur \u00c1sabraut 2 Skorradalur St\u00f3ra-Drageyri 2 Indri\u00f0asta\u00f0ir sm\u00e1h\u00fdsi Dagver\u00f0arnes...","protected":false},"author":1,"featured_media":0,"parent":0,"menu_order":0,"comment_status":"closed","ping_status":"closed","template":"","meta":[],"_links":{"self":[{"href":"https:\/\/nyhonnun.is\/index.php?rest_route=\/wp\/v2\/pages\/1671"}],"collection":[{"href":"https:\/\/nyhonnun.is\/index.php?rest_route=\/wp\/v2\/pages"}],"about":[{"href":"https:\/\/nyhonnun.is\/index.php?rest_route=\/wp\/v2\/types\/page"}],"author":[{"embeddable":true,"href":"https:\/\/nyhonnun.is\/index.php?rest_route=\/wp\/v2\/users\/1"}],"replies":[{"embeddable":true,"href":"https:\/\/nyhonnun.is\/index.php?rest_route=%2Fwp%2Fv2%2Fcomments&post=1671"}],"version-history":[{"count":53,"href":"https:\/\/nyhonnun.is\/index.php?rest_route=\/wp\/v2\/pages\/1671\/revisions"}],"predecessor-version":[{"id":2025,"href":"https:\/\/nyhonnun.is\/index.php?rest_route=\/wp\/v2\/pages\/1671\/revisions\/2025"}],"wp:attachment":[{"href":"https:\/\/nyhonnun.is\/index.php?rest_route=%2Fwp%2Fv2%2Fmedia&parent=1671"}],"curies":[{"name":"wp","href":"https:\/\/api.w.org\/{rel}","templated":true}]}}